ommon factor of o and q.
36
Suppose 23688 = 76*v - 20*v. Calculate the highest common factor of 1081 and v.
47
Let a = 64 + -123. Let w = -4 - a. Let s be (-6)/(-10) + 972/30. Calculate the greatest common factor of w and s.
11
Suppose -197*a + 17545 + 8690 = 5747. Calculate the greatest common factor of 1016 and a.
8
Let l = -21798 + 25239. Calculate the greatest common divisor of 333 and l.
111
Let d = 30 - -16. Let m(s) = -32*s**2 + 419*s + 408. Let o be m(14). Calculate the highest common divisor of o and d.
2
Suppose -43*w = 6*w - 1617. Calculate the highest common factor of 517 and w.
11
Let m be 0 + 272 - (((-30)/(-5))/(-6) - -3). What is the highest common factor of 3690 and m?
90
Let x(w) = 32*w**2 - 10*w - 1. Let v be x(1). Suppose 246*z = 253*z - 42. What is the highest common factor of z and v?
3
Let x(p) = -p**2 - 17*p - 17. Let n be x(-7). Let i = n - -11. Let q be 3 - (-7)/(42/174). Calculate the greatest common divisor of i and q.
32
Let x(g) = g**2 - 2*g - 3. Let t be x(-5). Let z be ((-27)/(-2))/(-2*12/t). Let v be 3/((z/(-140))/3). Calculate the highest common divisor of 10 and v.
10
Let q be (6/(-60))/(56/(-560)). Suppose -4*a - 2 = -10. Calculate the greatest common divisor of q and a.
1
Suppose 0 = 8*b + 7*b - 1455. Let l = b + -2. Suppose -4*x + 755 - l = 0. Calculate the highest common factor of x and 15.
15
Let c be (-31 + 255)*4/7. Let x = c + -29. Calculate the greatest common factor of 11 and x.
11
Let s = 44376 + -44320. Calculate the highest common factor of s and 568.
8
Suppose 26*h + 15 = 31*h. Suppose -3*t + k + 216 = -236, 2*t + h*k - 294 = 0. What is the highest common divisor of 25 and t?
25
Let n be 3*(20/6 - -2). Let r(f) = 13*f - 111. Let p be 245/21 + (-8)/12. Let t be r(p). Calculate the greatest common factor of t and n.
16
Let n(u) = -229*u - 25. Let d be n(2). Let z = d - -561. What is the highest common divisor of z and 208?
26
Suppose -2 = i + c, -10*i + 2 = -14*i - c. Let p(r) = -18*r + 186. Let d be p(i). Calculate the greatest common divisor of d and 124.
62
Suppose 7*m = -2*m + 126. Suppose -2*j - m*c + 17*c = -15, -19 = -4*j - 5*c. What is the greatest common divisor of j and 24?
6
Let s = -10603 + 10614. Suppose 0 = -4*i + 39 + 93. What is the greatest common factor of s and i?
11
Let a = 1702 + -910. Suppose -21*x = -9*x - a. Calculate the greatest common factor of x and 594.
66
Let b(n) = 101*n + 90. Let f be b(6). What is the greatest common divisor of 96 and f?
24
Let s(o) be the third derivative of 3*o**4/4 - 62*o**3 - 8*o**2 - 2. Let l be s(51). What is the greatest common factor of l and 78?
78
Suppose 0 = -14*j + 9*j - 5. Let w be -6 - 11 - (-3)/j. Let i be 90/(6 - w/(-5)). What is the highest common factor of 5 and i?
5
Suppose -4*b = 2*l - 48, 5*b = 24*l - 27*l + 64. Calculate the greatest common factor of 156 and l.
4
Let c(i) = 2*i**2 - 6*i + 4. Let x be c(4). Let q be 0 + -6 + 6 - x/(-2). What is the highest common divisor of q and 10?
2
Let g(t) = t**3 + 77*t**2 - 15*t - 237. Let c be g(-77). What is the greatest common factor of c and 510?
102
Let q(c) = 6*c + 10. Let w be q(-2). Let k = -107 + w. Let f = k - -116. What is the highest common divisor of 77 and f?
7
Let i(t) = -13*t**3 - 5*t**2 + 1. Let l be i(-1). Suppose 4*x - 3*x = 2*n + 151, -x - n = -154. What is the greatest common factor of x and l?
9
Suppose -2*c + 30 = c. Suppose c*n - 150 = 5*n. Suppose 0 = -7*t + 9*t - 30. Calculate the highest common divisor of t and n.
15
Suppose -5*j + 216 + 59 = 0. Let q = 4189 + -4178. What is the greatest common divisor of q and j?
11
Suppose -x = -5*b - 106, 5*x + 3*b - 482 = 4*b. Suppose 2*f = -0*f - d + 81, -4*d - x = -2*f. What is the highest common factor of 56 and f?
14
Let q be (-6)/21 - 712/7. Let x(n) = -10*n - 63. Let y be x(-26). Let l = y + q. What is the greatest common divisor of l and 38?
19
Suppose -y + 1052 = g, -247*g = -5*y - 246*g + 5296. What is the highest common divisor of y and 276?
46
Let o be (-7 + -777)/(-16) + -5. What is the greatest common factor of o and 902?
22
Let b = -218 - -212. Let t be (24/(-10))/b - (-86)/10. Calculate the greatest common divisor of 288 and t.
9
Suppose 9*f - 20*f + 24794 = 0. Calculate the highest common divisor of f and 294.
98
Suppose 0 = 5*l + 5*t - 87 - 108, t = 2*l - 87. Let z be 1*(2 - 3) - l/3. Let m be (z - -3)*(1 - 2). Calculate the highest common divisor of 30 and m.
6
Let i = 389 + -349. Let b(o) = 11*o - 3. Let n be b(-1). Let f = n + 30. Calculate the highest common factor of f and i.
8
Let u = 11305 - 11100. Calculate the highest common factor of u and 1312.
41
Let a = 3551 + -2815. Calculate the greatest common factor of a and 1288.
184
Let x be (-540)/81*3/(-4). Suppose -7 = x*m - 7. Suppose -1 = -z - m, -4*z = -h + 12. What is the highest common divisor of h and 40?
8
Suppose 6543*q - 6574*q + 4960 = 0. What is the highest common divisor of 190 and q?
10
Let b(t) be the second derivative of -t**5/10 - 5*t**4/12 + 8*t**3/3 + 31*t**2/2 - 227*t. Let k be b(-7). What is the greatest common divisor of k and 30?
30
Suppose -7*k = 4769 - 5070. What is the highest common divisor of 5633 and k?
43
Suppose 5*z + 5*q - 5435 = 0, 62*z + 3*q - 4346 = 58*z. What is the greatest common divisor of z and 775?
155
Let u = -49 - -54. Let z(q) = q**3 - 5*q**2 + 5*q - 3. Let r be z(u). Let a be (-34)/(-3) + (-4)/12. What is the greatest common factor of r and a?
11
Suppose -102*a + 54688 = -97802. Calculate the greatest common divisor of 65 and a.
65
Let n be (-2)/3*45/10. Let q be (-1)/(n/12) - 1. Suppose 8 = -q*c - c, 5*p = -3*c + 34. What is the highest common divisor of p and 24?
8
Let n(s) = 3*s**2 - 77*s + 14. Let a be n(34). Calculate the highest common divisor of 243 and a.
27
Let u be 40/70 - (9426/(-42) + 1). What is the greatest common divisor of u and 518?
14
Let a(l) = l**3 + 9*l**2 - l + 5. Let d be a(-9). Suppose 4*b + 2*y - 58 = 0, 5*b - 66 = -7*y + 11*y. Calculate the highest common factor of d and b.
14
Let x be 5 + (-27)/9 + 2/2. Let a be (2 + -1 - 3) + 12. Suppose -a = -x*y + 20. Calculate the greatest common factor of y and 40.
10
Let g = 31 + 45. Let v = 97 - g. Let n = 231 - 63. Calculate the highest common factor of v and n.
21
Let d(w) = -10 + w + 66 + 12. Let s be d(-6). Calculate the highest common factor of s and 31.
31
Let c = -74 + 96. Calculate the highest common divisor of 6677 and c.
11
Let q = -143 - -291. Let w = -38 + q. Suppose 3*i + 47 = 5*o, 0 = 2*o + 5*i - 5 - 20. Calculate the highest common divisor of o and w.
10
Let f(k) = -2*k - 8*k**2 + 6 - 1 + 24*k + 7*k**2. Let d be f(22). Suppose -2*l - 206 = -5*u - 0*l, 6 = -2*l. Calculate the greatest common divisor of u and d.
5
Suppose 2*c = -3*s + 74, 3*s + 5*c - 41 = 36. Suppose 6*r - 3600 = -6*r. Suppose 387*u = 392*u - r. What is the highest common divisor of s and u?
12
Suppose 35*q - 73*q = -28*q - 19750. Calculate the highest common factor of 158 and q.
79
Let s(k) be the first derivative of -13*k**2/2 - 4*k - 11. Let c = -62 - -61. Let v be s(c). What is the highest common factor of 9 and v?
9
Let t(a) = a**2 + 20*a + 59. Let p be t(-23). Let h(c) be the third derivative of c**4/6 + c**2. Let j be h(4). Calculate the highest common divisor of p and j.
16
Let f be ((-23664)/714)/((-2)/308). What is the greatest common factor of f and 11?
11
Let z = 110 - 89. Let c(a) = z - 47 + 2*a + 19. Let p be c(6). What is the highest common divisor of p and 35?
5
Let a be ((-36)/(-24) - -6)*(0 + 6/9). What is the greatest common divisor of a and 4?
1
Suppose -3*i - 36 = -3*h - 5*i, -5*h - 2*i = -60. Calculate the highest common factor of h and 9084.
12
Suppose -2*u - 897 = -5*m, -404 = u + 5*m + 52. Let q = u + 466. What is the greatest common factor of q and 1185?
15
Let o be (10 + (-7 - 1))*(3 - (-5 + 3)). What is the highest common divisor of 3785 and o?
5
Let v(m) = -m**3 + 30*m**2 + 31*m - 912. Let k be v(29). Calculate the greatest common factor of 72 and k.
36
Let x be 12/10*431750/471. Calculate the highest common factor of x and 44.
44
Let g(n) = 196*n**2 - 38*n - 68. Let f be g(-4). Calculate the greatest common factor of 230 and f.
230
Let s = -39 + 42. Suppose -s*o - o = -72. Let b = -6 + o. Calculate the greatest common factor of b